66 and 6.
6
Calculate the greatest common factor of 10584 and 168.
168
Calculate the greatest common factor of 35 and 1008.
7
What is the highest common factor of 234 and 806?
26
What is the highest common factor of 6674 and 284?
142
What is the greatest common divisor of 252 and 45?
9
What is the greatest common divisor of 2751 and 273?
21
What is the greatest common factor of 30 and 470?
10
What is the highest common divisor of 27 and 675?
27
Calculate the highest common divisor of 544 and 768.
32
What is the greatest common divisor of 616 and 994?
14
What is the highest common divisor of 935 and 55?
55
What is the highest common factor of 11097 and 99?
9
What is the greatest common divisor of 1219 and 212?
53
What is the greatest common divisor of 368 and 2024?
184
Calculate the greatest common divisor of 135 and 666.
9
What is the highest common divisor of 1152 and 72?
72
What is the greatest common divisor of 5 and 655?
5
Calculate the greatest common divisor of 4 and 36.
4
Calculate the greatest common divisor of 13289 and 137.
137
Calculate the highest common divisor of 68 and 425.
17
What is the greatest common divisor of 8137 and 79?
79
Calculate the greatest common divisor of 8 and 222.
2
Calculate the greatest common divisor of 11520 and 45.
45
Calculate the highest common divisor of 520 and 160.
40
Calculate the highest common factor of 64 and 2792.
8
What is the greatest common factor of 138 and 483?
69
Calculate the highest common divisor of 205 and 5.
5
What is the highest common factor of 66 and 3938?
22
Calculate the highest common divisor of 26 and 1651.
13
Calculate the highest common divisor of 4263 and 1764.
147
Calculate the highest common divisor of 837 and 1271.
31
What is the greatest common factor of 43 and 30917?
43
What is the highest common divisor of 32 and 2264?
8
Calculate the greatest common factor of 2277 and 792.
99
What is the greatest common factor of 156 and 13104?
156
Calculate the highest common divisor of 120 and 1048.
8
What is the highest common divisor of 684 and 133?
19
What is the greatest common factor of 818 and 8?
2
Calculate the highest common divisor of 7 and 2191.
7
Calculate the greatest common factor of 425 and 1025.
25
What is the greatest common divisor of 21172 and 268?
268
Calculate the greatest common factor of 54 and 9.
9
Calculate the highest common divisor of 65 and 429.
13
What is the greatest common divisor of 1216 and 144?
16
Calculate the greatest common factor of 825 and 66.
33
Calculate the greatest common factor of 36 and 7116.
12
Calculate the highest common factor of 3560 and 20.
20
Calculate the highest common factor of 91 and 39.
13
What is the highest common divisor of 2479 and 37?
37
Calculate the highest common factor of 496 and 2852.
124
What is the highest common divisor of 57 and 34941?
57
Calculate the greatest common factor of 33 and 21.
3
Calculate the greatest common divisor of 116 and 516.
4
What is the highest common divisor of 870 and 261?
87
Calculate the greatest common divisor of 42 and 574.
14
Calculate the highest common divisor of 34 and 39746.
34
Calculate the highest common factor of 4753 and 291.
97
What is the highest common factor of 608 and 342?
38
Calculate the highest common factor of 31 and 31.
31
What is the greatest common divisor of 15873 and 286?
143
Calculate the greatest common factor of 410 and 697.
41
What is the greatest common factor of 315 and 35?
35
What is the greatest common factor of 234 and 390?
78
Calculate the greatest common divisor of 84 and 5250.
42
What is the greatest common factor of 1634 and 152?
38
Calculate the greatest common factor of 99 and 1067.
11
Calculate the greatest common factor of 117 and 189.
9
What is the greatest common divisor of 102 and 34?
34
Calculate the highest common factor of 484 and 660.
44
Calculate the highest common divisor of 5673 and 93.
93
What is the highest common divisor of 3213 and 1512?
189
Calculate the greatest common divisor of 84 and 46620.
84
Calculate the greatest common factor of 14 and 1708.
14
Calculate the greatest common divisor of 221 and 104.
13
What is the greatest common divisor of 13044 and 36?
12
What is the greatest common factor of 93 and 16089?
93
Calculate the greatest common factor of 6837 and 2067.
159
Calculate the greatest common factor of 105 and 280.
35
Calculate the greatest common factor of 68 and 464.
4
What is the highest common divisor of 68 and 11084?
68
Calculate the greatest common factor of 25 and 675.
25
Calculate the greatest common divisor of 130 and 3250.
130
What is the greatest common divisor of 693 and 54?
9
What is the highest common factor of 481 and 104?
13
What is the highest common divisor of 1020 and 20?
20
Calculate the highest common factor of 561 and 396.
33
What is the greatest common factor of 87 and 6?
3
Calculate the highest common factor of 6240 and 585.
195
Calculate the greatest common factor of 308 and 182.
14
What is the greatest common divisor of 116 and 2378?
58
What is the highest common factor of 142 and 18247?
71
Calculate the highest common divisor of 65 and 429.
13
Calculate the greatest common divisor of 4014 and 36.
18
Calculate the greatest common factor of 30 and 28095.
15
Calculate the greatest common divisor of 243 and 162.
81
Calculate the highest common factor of 44 and 6094.
22
What is the greatest common factor of 184 and 644?
92
Calculate the greatest common factor of 184 and 667.
23
Calculate the highest common factor of 7875 and 189.
63
Calculate the greatest common factor of 50 and 1130.
10
What is the highest common factor of 775 and 1675?
25
What is the highest common factor of 18 and 117?
9
What is the highest common factor of 56 and 812?
28
What is the highest common divisor of 12307 and 31?
31
Calculate the highest common factor of 24 and 5436.
12
Calculate the highest common factor of 19 and 19.
19
Calculate the highest common divisor of 96 and 804.
12
Calculate the highest common factor of 273 and 399.
21
Calculate the highest common factor of 783 and 27.
27
What is the greatest common factor of 476 and 340?
68
What is the greatest common divisor of 184 and 207?
23
Calculate the highest common factor of 40 and 2630.
10
What is the greatest common divisor of 80 and 340?
20
Calculate the highest common factor of 222 and 4366.
74
Calculate the highest common divisor of 29 and 3277.
29
What is the greatest common divisor of 1630 and 30?
10
Calculate the highest common divisor of 15 and 93945.
15
Calculate the highest common factor of 52 and 10192.
52
Calculate the greatest common divisor of 88 and 374.
22
Calculate the greatest common factor of 190 and 57.
19
Calculate the greatest common divisor of 9459 and 27.
9
Calculate the greatest common factor of 25 and 5.
5
What is the greatest common divisor of 18799 and 22?
11
Calculate the greatest common factor of 7896 and 28.
28
Calculate the highest common divisor of 57 and 247.
19
Calculate the greatest common divisor of 924 and 1452.
132
What is the greatest common divisor of 4 and 1780?
4
What is the highest common factor of 611 and 78?
13
What is the highest common divisor of 715 and 65?
65
Calculate the greatest common factor of 81 and 1107.
27
What is the greatest common factor of 1496 and 3400?
136
What is the greatest common factor of 243 and 12?
3
Calculate the greatest common divisor of 434 and 532.
14
What is the highest common factor of 51 and 867?
51
Calculate the highest common divisor of 168 and 16.
8
Calculate the highest common divisor of 336 and 112.
112
Calculate the highest common divisor of 63 and 77.
7
What is the greatest common divisor of 1235 and 13?
13
Calculate the highest common factor of 1105 and 442.
221
What is the greatest common divisor of 186 and 6?
6
What is the highest common divisor of 3 and 64?
1
What is the highest common divisor of 40 and 80?
40
What is the highest common factor of 602 and 56?
14
What is the highest common divisor of 76 and 4?
4
Calculate the highest common divisor of 33 and 209.
11
What is the greatest common factor of 50 and 325?
25
What is the greatest common factor of 384 and 30?
6
What is the greatest common factor of 95 and 76?
19
Calculate the highest common factor of 341 and 62.
31
Cal